- 19. Is n prime?
False
Let l(b) = 41*b**2 + 4*b - 3. Let h be l(2). Suppose -3*k + h = 5*s, 5*k - 4*k = 4*s + 45. Is k prime?
True
Is 2 + (-2)/(-2) + 290 a composite number?
False
Let r be (-1)/(4/(-110))*14. Suppose -4*l - 1077 = -301. Let z = l + r. Is z a composite number?
False
Let x be (-4)/5*20/(-4). Suppose 4*z = -x*h, 0 = 2*z - 6*z - 2*h + 8. Let w = z - -33. Is w a prime number?
True
Let v be (156/10)/(7/70). Let z be 0 - ((-6)/(-1))/(-2). Suppose 0 = s + z*s - v. Is s a composite number?
True
Let b = 98 + -37. Let j = 156 + b. Is j prime?
False
Suppose -5*c = -5*f - 240, 2*f + 104 = 3*c + 7*f. Let a = c - 24. Is a composite?
False
Suppose -3*g + 12 = -g. Suppose -g*h = -2*h + 4. Is h/((-2)/(-106)*-1) a composite number?
False
Suppose 2*b - 106 = -0*b + 5*n, 2*b = 2*n + 106. Is b composite?
False
Suppose 0*n = 4*p - n + 15, -n + 10 = -3*p. Let c = 8 + p. Suppose -c*z + 3*s + 18 = 5*s, 0 = -z + 2*s - 2. Is z prime?
False
Let c = 16 + -13. Suppose -c*l + 6 = 0, 2*g + 5*l + 1045 = 7*g. Is g composite?
False
Let p(w) = 11*w - 3. Let x be p(3). Suppose 3*g + 0*g - x = 0. Is g a composite number?
True
Let x(i) = -4*i**3 - i**2 - i - 1. Let p be x(-1). Suppose -2*w - 4*c = -20, -7 = -p*c + 5. Is w/(-9) - (-1426)/18 a composite number?
False
Suppose -2*u + 2*g = 5*g - 120, -5*u - 2*g = -278. Let w = 79 - u. Is w a prime number?
False
Suppose 0 = -i - 2*z + 11, 4*i - 1 + 5 = 4*z. Suppose -2*y - i*n + 157 = 0, n + 261 = 3*y + 31. Is (2 + -1)*(y + 2) prime?
True
Suppose -2*h - l + 2 = -3*h, 4*l = 8. Is (7 + h)*(8 - -129) a prime number?
False
Suppose -f = -4*f. Suppose -2*k + 84 + 170 = f. Is k composite?
False
Let u be (-26)/4 + 8/16. Is u + 3 - (-44 + -2) a prime number?
True
Suppose 5*v = -1 + 21, -r + v = -102. Is r composite?
True
Let s = 103 + -56. Suppose 3*j = 5*g + s, 5*j + 0*g + 2*g - 99 = 0. Is j a composite number?
False
Let d = 670 - -573. Is d composite?
True
Let o(v) = 46*v + 4. Let q be o(5). Let p = q + -107. Is p composite?
False
Let h(t) = 9*t**3 - t**2 - 5*t - 13. Is h(6) prime?
False
Suppose 4 = -4*z + y, -y - y - 18 = 5*z. Let b be 147/z - (-1)/(-2). Let i = 141 + b. Is i composite?
False
Suppose 178 = 2*b - 0*b + 4*j, 0 = 5*j + 5. Is b composite?
True
Let i be ((-3)/5)/((-1)/5). Suppose 2*l - 59 = -0*d + 3*d, -i*l + 3*d + 90 = 0. Is l a composite number?
False
Let b(j) = 192*j**2 - 1. Is b(-1) prime?
True
Let u(z) = 1055*z**3 - z**2 + z. Is u(1) prime?
False
Let i(x) = x**2 - x + 2. Let p be i(0). Suppose -p - 3 = -u. Suppose 2*f - 110 = 4*o, -2*f + 6*f - u*o = 214. Is f a composite number?
True
Suppose -227 = 4*g - 3*k, 5*g + 2*k = -0*k - 278. Let i = g - -323. Is i a prime number?
False
Suppose -2*t + 645 = t. Is 4 + 8/4 + t a composite number?
True
Suppose 5*o + 0*o + 20 = 0, 3*q - 88 = 4*o. Suppose 6*n - q = 2*n. Suppose n*g - g - 115 = 0. Is g a prime number?
True
Let c = -13 - -13. Suppose c = 5*q + 20, q - 208 = -4*a - 0*q. Is a a prime number?
True
Let h = -3288 - -6149. Is h a composite number?
False
Suppose 4*g + 28 = -l + 5*l, 2*g + 3*l = -19. Let s(b) = -b**2 - 9*b - 3. Let f be s(g). Is f - 2/(-2 - -1) prime?
True
Let a(g) = 6*g - 5. Let u(m) = -m**2 - 11*m + 11. Let n(z) = -7*a(z) - 4*u(z). Is n(-10) composite?
True
Suppose 2*b - n - 113 = 0, 2*n = 2*b - 5*b + 187. Is b a prime number?
True
Let l(s) = 73*s - 13. Is l(14) composite?
False
Suppose -5*j = -558 - 1097. Is j a composite number?
False
Let t(f) = 12*f + 2*f**2 - f**2 - 7*f + 6 - 1. Is t(5) a prime number?
False
Let c(q) = q**2 + 7*q - 7. Is c(11) a prime number?
True
Let i(w) be the third derivative of -w**5/60 + w**4/12 - w**3/2 - 2*w**2. Let r be i(3). Is (-190)/r - 2/3 prime?
True
Suppose 21 + 37 = 2*y. Let a = 11 - 8. Suppose -t + a*p = -25, -3*t = -2*p - 32 - y. Is t a prime number?
True
Suppose 12*f - 502 = 110. Is f a composite number?
True
Let g(p) = 13*p - 5. Suppose j = -3*j + 24. Let r be g(j). Suppose -2*i + 65 = -r. Is i a prime number?
False
Suppose 0 = -2*f + 4*u + 132, -2*f = f - 4*u - 206. Let g be f + (-1 - -2) - 3. Suppose 5*j - g = -22. Is j a prime number?
False
Let o(q) = -q + 8. Let j be o(6). Is (0 - 5*-14)/j composite?
True
Let b = -523 + 774. Is b a composite number?
False
Let x be ((-60)/14)/(2/(-14)). Let l = 15 - x. Let f = 36 - l. Is f prime?
False
Suppose -3*l - 1338 = -4*h + h, -2*h - 2*l + 912 = 0. Is h a prime number?
False
Suppose 2 = -r - n, n - 3*n - 6 = 0. Let h(c) = 9*c + 1. Let u be h(-2). Is 2 - u - (-2)/r composite?
True
Suppose -2*q + 2*o + 81 = o, 0 = -4*q + 3*o + 157. Is q a prime number?
True
Let q be (-4)/(-6)*(-6 - -3). Let v be -1 + 2/q + 57. Suppose -5*w + 170 = v. Is w prime?
True
Let z be ((-2)/10)/((-2)/10). Is z*(-1)/(-2)*634 a prime number?
True
Let t = -740 + 1434. Is t prime?
False
Let l(m) = -m**2 + 3*m + 1. Let z be l(4). Let s(o) = -2*o. Is s(z) prime?
False
Suppose 5*w + 43 = 3. Is ((-4)/w + -2)*-46 composite?
True
Let d = 2 - 8. Is d/9 - (-406)/6 prime?
True
Let j be (2 + -5)/(1/2). Let n(b) = b**3 + 7*b**2 + 6*b. Let h be n(j). Suppose h = -5*p + 2*v + 2093, 0*p - 5*v + 1262 = 3*p. Is p prime?
True
Suppose -2*c + 0*c = -4. Suppose n + w = 7, -2*n + 23 = 3*n + w. Suppose -2*x - 73 = -5*y, -n*x + 7 + 3 = c*y. Is y composite?
False
Suppose -1354 = -4*o + 1102. Is o composite?
True
Let j(t) = -t**3 - t**2 - t - 19. Let l be j(0). Let y be (-2)/12 - l/6. Suppose 49 = y*d - 2*d. Is d a prime number?
False
Suppose 18*f = 23*f - 5435. Is f composite?
False
Suppose -t + 103 = -63. Is t a prime number?
False
Let c(u) = 3*u + 1 - 1 + 2*u**2. Let i = 52 - 59. Is c(i) composite?
True
Let s be (-3 + (-50)/(-8))*124. Let a = -202 + s. Is a prime?
False
Suppose n - 77 = 146. Is n composite?
False
Let m(a) be the second derivative of 7*a**3/6 + 2*a**2 + 2*a. Let i be m(-3). Let w = -6 - i. Is w prime?
True
Let i = 3 + 0. Let g(z) = 4*z - i*z - 2*z. Is g(-6) a composite number?
True
Let l(d) = -d**2 - 13*d - 2. Let f be l(-13). Is (-2 - 4)/f + 139 a composite number?
True
Suppose -2*v + 13 = -7*m + 2*m, 2*m = -2*v + 6. Let d be (-2 - 407*m) + 2. Let k = -244 + d. Is k composite?
False
Let x(o) = -2*o**2 - 4*o - 2. Let k be x(-2). Let q be -1 + 6/2 - k. Suppose -261 + 94 = -5*z + q*v, 2*z + 4*v = 78. Is z composite?
True
Let w(o) = o**3 - 5*o**2 + 4*o - 2. Let h be w(4). Let c be (0/(-3))/(2 - 1). Is c - (28 + 0)/h composite?
True
Let t(h) = 2*h - 2. Let c be t(2). Let d = -43 + 76. Suppose -c*j + 85 = d. Is j a prime number?
False
Suppose j - 795 = -4*j. Is j a composite number?
True
Suppose -2*d = -0*d - 2. Suppose 3*x + d = 4, -b + x = -11. Is 282/b - 2/4 a composite number?
False
Suppose 5*r = 2*r - 5*m + 457, -5*r - 4*m = -753. Suppose 0 = 4*a - 289 - 111. Suppose -3*v + a = -r. Is v prime?
True
Let f = -12 - -13. Let k = -39 - -74. Is k/f + 0 - 2 a composite number?
True
Let f(b) = b + 8. Let y be f(-5). Suppose y*u - 226 = u. Is u a composite number?
False
Suppose 2*j + 2*j = 0. Suppose 4*w + j*w - 40 = 0. Let q = -7 + w. Is q prime?
True
Let k(p) = 135*p**2 + 19*p + 1. Is k(4) a composite number?
False
Let x be 2/(1*(-2)/(-4)). Suppose 0 = -3*k - 3*z + 333, -x*z - 111 = -4*k + 3*k. Is k composite?
True
Is (-5)/(-25) + (20697/15 - -1) prime?
True
Let r(m) = 16*m**3 - m**2 + 3*m - 1. Let j(b) = b**2 - b + 1. Let k(a) = -2*j(a) - r(a). Suppose -4*n - 3*x = -11, 4*n - 8 = 2*n - 2*x. Is k(n) prime?
False
Suppose 0 = 3*i + 302 - 1052. Suppose 4*x = 662 - i. Is x a composite number?
False
Suppose c - 2*o + 1 = 0, -13 = -4*c - 4*o + 7. Is 1*1/(c/105) a composite number?
True
Let k(u) = u**2 + 5*u - 8. Suppose -2*l = 4*t, l = -3*l - t + 21. Is k(l) prime?
False
Let n = -3 + 13. Let j = n - 7. Suppose j*u - w - 17 = -0*w, u + 2*w = 8. Is u a prime number?
False
Suppose 8*t - 8919 = 17057. Is t a composite number?
True
Let y = -279 + 518. Is y composite?
False
Let k(u) = 19*u - 18. Is k(15) a composite number?
True
Suppose -322 + 63 = -7*p. Is p a prime number?
True
Suppose 6 = c - 4*c. Let s be -2*(1 + c) + 0. Suppose -s*d + 6 + 14 = 0. Is d a prime number?
False
Let d = -10 - -169. Is d composite?
True
Suppose 7*p = -3*x + 2*p + 207, 3*x - 207 = 2*p. Let h = 1 + -1. Suppose h = 2*z + o - x, 7*z = 2*z + 2*o + 195. Is z a composite number?
False
Let z(k) = -k**3 - 5*k**2 - 5*k. Let p be z(-4). Let q = p